{"id":23,"date":"2023-03-08T16:01:42","date_gmt":"2023-03-08T19:01:42","guid":{"rendered":"https:\/\/ahuasca.com\/?page_id=23"},"modified":"2023-05-12T18:16:35","modified_gmt":"2023-05-12T21:16:35","slug":"a-senda","status":"publish","type":"page","link":"https:\/\/ahuasca.com\/index.php\/a-senda\/","title":{"rendered":"A Senda"},"content":{"rendered":"\n<p>O auto-sacrif\u00edcio quando compreendido amplamente \u00e9 uno, a voli\u00e7\u00e3o impulsiona a a\u00e7\u00e3o e conduz a energia vital rumo a exist\u00eancia. O sil\u00eancio penetra o espa\u00e7o e fecunda o Ser.<br>O caos se distingue da ordem quando o espa\u00e7o percebe o sil\u00eancio. Enquanto massa homog\u00eanea ainda convive como um extenso e \u00fanico infinito sim\u00e9tricamente ca\u00f3tico, at\u00e9 que constrange o discernimento do bem emitindo express\u00e3o heterog\u00eanea. Isso acontece quando subtrai de si, si. O infinito subtra\u00eddo de si \u00e9 o zero que se desdobra em cada infinto que torna ao todo representado pela equa\u00e7\u00e3o que distingue o teor harm\u00f4nico desta obra. Essa mam\u00e3e jib\u00f3ia colorida serpenteia no sal\u00e3o c\u00f3smico, paira voando, parindo a geometria sagrada. Crava sete infinitas cores, quando unidas s\u00e3o o espectro que circula preto, cinza e branco. Um girar de sete saias, que ilumina multicolorido. Como a semente que germina ao calor dessa express\u00e3o enraizando-se no espa\u00e7o, impulsiona o crescimento de sete copas.<br>No centro do infinito, o jardim da felicidade, dele se desdobra a ilus\u00e3o, t\u00e3o somente um inviesado reflexo da verdade. Logo est\u00e1 em tudo, \u00e9 tudo, mas nem tudo o \u00e9. Como num labirinto de espelhos, o caminhante \u00e9 o que aparece, por vezes distorcido e em lugar distinto, mas enquanto existir caminhante, labirinto e espelhos, o primeiro \u00e9 o verdadeiro.<\/p>\n\n\n\n<p><\/p>\n\n\n\n<p><\/p>\n","protected":false},"excerpt":{"rendered":"<p>O auto-sacrif\u00edcio quando compreendido amplamente \u00e9 uno, a voli\u00e7\u00e3o impulsiona a a\u00e7\u00e3o e conduz a energia vital rumo a exist\u00eancia. O sil\u00eancio penetra o espa\u00e7o e fecunda o Ser.O caos se distingue da ordem quando o espa\u00e7o percebe o sil\u00eancio. Enquanto massa homog\u00eanea ainda convive como um extenso e \u00fanico infinito sim\u00e9tricamente ca\u00f3tico, at\u00e9 que [&hellip;]<\/p>\n","protected":false},"author":1,"featured_media":0,"parent":0,"menu_order":1,"comment_status":"closed","ping_status":"closed","template":"","meta":{"footnotes":""},"class_list":["post-23","page","type-page","status-publish","hentry"],"_links":{"self":[{"href":"https:\/\/ahuasca.com\/index.php\/wp-json\/wp\/v2\/pages\/23"}],"collection":[{"href":"https:\/\/ahuasca.com\/index.php\/wp-json\/wp\/v2\/pages"}],"about":[{"href":"https:\/\/ahuasca.com\/index.php\/wp-json\/wp\/v2\/types\/page"}],"author":[{"embeddable":true,"href":"https:\/\/ahuasca.com\/index.php\/wp-json\/wp\/v2\/users\/1"}],"replies":[{"embeddable":true,"href":"https:\/\/ahuasca.com\/index.php\/wp-json\/wp\/v2\/comments?post=23"}],"version-history":[{"count":2,"href":"https:\/\/ahuasca.com\/index.php\/wp-json\/wp\/v2\/pages\/23\/revisions"}],"predecessor-version":[{"id":25,"href":"https:\/\/ahuasca.com\/index.php\/wp-json\/wp\/v2\/pages\/23\/revisions\/25"}],"wp:attachment":[{"href":"https:\/\/ahuasca.com\/index.php\/wp-json\/wp\/v2\/media?parent=23"}],"curies":[{"name":"wp","href":"https:\/\/api.w.org\/{rel}","templated":true}]}}